lse
Let y be 0/(0 + (0 - -1)). Suppose 5*h = 4*k - 2*k - 412, y = 2*h - 4. Is k a composite number?
False
Let x(o) = o**3 - 6*o**2 - o + 5. Suppose t + 38 = 5*i, -26 = -2*i - 0*t + 4*t. Is x(i) a prime number?
True
Suppose 3*i - 28 = -2*l, -2*i + 56 = 4*l - i. Is l a prime number?
False
Let p be 6*(-1)/3*-2. Let x be p/18*-3*-42. Suppose -93 = -5*k - x. Is k composite?
False
Suppose 475 = 3*n - 251. Let x = n + -51. Is x a composite number?
False
Let d(q) = 2*q**2 - 4*q - 2. Let y = 9 - 5. Is d(y) a prime number?
False
Let n = 1 + 0. Is 1/((-3)/(-102)*n) prime?
False
Suppose -3*x + s + 1623 = -0*s, -2*s + 541 = x. Is x composite?
False
Let h(r) = 377*r**2 - r + 1. Is h(-1) a composite number?
False
Suppose 0 = 4*t + 5*f - 48, 5*t - f - 37 = -6. Let h = -4 + t. Suppose p - 2*p - 13 = -x, 2*x - h*p - 29 = 0. Is x a composite number?
True
Is 46/(-6)*(3 - 18) a composite number?
True
Suppose m + 62 = -2*r + 243, m - 3*r = 171. Suppose 3*l + m = 6*l. Is l prime?
True
Suppose -5*p - 30 = -2*p. Let k = p + 9. Is 119/(k/(-2)*2) composite?
True
Let d(c) = -4*c**2 + c - 434. Let i(o) = 5*o**2 - o + 435. Let t(k) = -4*d(k) - 3*i(k). Is t(0) composite?
False
Let w(u) = -u + 2. Let v be w(-3). Suppose -3*a = -4 - 5. Suppose 5*n - a*h - 673 = -83, v*h = -25. Is n composite?
True
Let d(b) = b**3 - 8*b**2 - 14*b + 12. Is d(11) prime?
False
Suppose 0 = -w + 956 + 503. Is w prime?
True
Suppose 223 = 2*u + 5*y, y = 3*u + 59 - 368. Suppose 3*g = -u + 335. Is g a composite number?
True
Suppose 2*m - 6*m = -2*l - 6, 3*m = -l - 3. Suppose -5*o + 14 + 16 = m. Is o a prime number?
False
Let w(k) = 27*k + 10. Let h(p) = 14*p + 5. Let j(f) = 5*h(f) - 3*w(f). Let l(q) = -q**3 + 13*q**2 + 13*q + 10. Let m be l(14). Is j(m) a composite number?
True
Let l(i) = 380*i**2 - 4*i + 5. Is l(2) prime?
False
Let u be 211 - 2*(-12)/8. Let q = u - 55. Is q a composite number?
True
Let p be 8*((-2)/(-8) + -1). Let l(a) = -2*a + 9. Let g be l(5). Is ((-381)/p)/(g/(-2)) prime?
True
Is 1798*(-5)/(-10) + 2 a prime number?
False
Let f = -383 - -562. Is f a composite number?
False
Let o = 270 - 55. Is o a prime number?
False
Let v(g) = -g**2 - 2*g + 2. Let j be v(4). Let c = 33 - j. Is c a prime number?
False
Suppose -5*g = -o - o - 21, 0 = -g + 5. Let n = 2 + -2. Suppose o*m - 102 = -n*m. Is m a prime number?
False
Let f(j) = -3*j**3 - 10*j**2 - 18*j - 30. Is f(-9) a composite number?
True
Suppose 6*d = 2*d + 8. Let c = d - -5. Is c a prime number?
True
Let y(g) = 4667*g**2 - 3*g - 3. Is y(-1) composite?
True
Suppose 5*j = -5*h + 15, 3*h = -j + 3 + 4. Let g = j + -2. Is (0 - 10)/1*g a composite number?
True
Let c = 8040 + -5195. Is c a prime number?
False
Let p be 0/(-2*3/6). Suppose 5*b = -p*g + 4*g - 493, 4*b + 623 = 5*g. Is g a composite number?
False
Let m(u) = -u**3 + 3*u**2 + 4*u. Let h be m(4). Suppose h*b - 5*b = -1055. Is b prime?
True
Suppose -4*f - 6 = -14. Let w = 16 - f. Is w composite?
True
Let p be ((-18)/15)/((-4)/10). Suppose 2*k - h + 2 = h, 0 = 3*k - h - p. Suppose -2*n = n - k*z - 79, -2*n + 5*z = -60. Is n prime?
False
Suppose 3*q - 3*o = 168, 6*q - 4*o - 173 = 3*q. Is q a prime number?
False
Suppose -6*d + 10 = -n - 2*d, -4 = n - 2*d. Suppose 0 = -2*b + 3*y + 164, -2*b = n*y - 6*y - 166. Is b a prime number?
True
Let i(r) = -r**3 + 6*r**2 + 9*r - 3. Is i(6) prime?
False
Let z(t) = -14*t + 1. Let l(s) = s + 2. Let u be l(-3). Is z(u) composite?
True
Let a(v) = v + 37. Let q(o) = -2*o - 74. Let n(m) = 13*a(m) + 6*q(m). Let l be 6/(-9) + 4/6. Is n(l) a prime number?
True
Suppose 5*r = 6860 + 4070. Suppose u = 4*t + 2*u - r, -t = -4*u - 555. Is t a prime number?
True
Let r = 3648 - 785. Is r prime?
False
Suppose -14*g = -19*g + 475. Is g composite?
True
Let x(p) = -2*p**3 + 11*p**2 - 2*p + 8. Is x(-13) a prime number?
True
Let d = -6 - -9. Suppose 0 = -d*y - 12, 3*a - 4*y - y = 77. Is a prime?
True
Let j(o) = 23*o**2 - 2*o + 1. Suppose -2*i = -4*n + 1 + 7, -2*i - 4 = 0. Is j(n) prime?
False
Let a = 1904 - 57. Is a composite?
False
Suppose 7 = -m + 101. Let o be (0 - -1)*(-20)/4. Let c = o + m. Is c composite?
False
Is (4 - -483) + 0/3 prime?
True
Let v(r) = -16*r + 23. Is v(-17) composite?
True
Let t(k) = 28*k**2 - 3*k + 1. Is t(-2) a prime number?
False
Suppose -b + 5*f + 895 = -1984, -f + 2879 = b. Is b prime?
True
Suppose -1 = -s + 2*s. Is -2 + 26*s/(-2) prime?
True
Suppose j - 6*j = -25. Suppose g + 0*g - 145 = 0. Suppose 0 = -n + m + g, -j*n + 2*n + m = -443. Is n composite?
False
Suppose -3*p + 3 = 0, -c + 5*p + 644 = -0*c. Is c a composite number?
True
Let v be 21*(2 + 2 + -3). Suppose 3*o = 3*f + v, 3*o = 4*f - 9*f - 19. Is 7*11/2*o composite?
True
Let c(d) be the third derivative of d**5/60 - d**4/12 - d**3/2 + 3*d**2. Is c(-4) prime?
False
Suppose 0 = -7*q + 2*q. Suppose 0 = -2*l + 5*j - q + 4, 3*j = l. Is ((-6)/l)/(1/(-116)) a prime number?
False
Let m = 7 - -108. Suppose 0 = 4*o + o - m. Is o a composite number?
False
Let o = 139 - -10. Is o a prime number?
True
Let x(j) = -j + 21. Let g(o) = o**3 + 5*o**2. Let f = -10 - -5. Let n be g(f). Is x(n) a prime number?
False
Suppose k = -4*o - 20, 2*o + 2 = k - 14. Let r be (55/2 - 1)*-2. Let j = o - r. Is j a composite number?
False
Let g(c) = 434*c + 3. Let v be g(1). Suppose 119 = -3*o + v. Is o a prime number?
False
Let p be 1*(-2 + (1 - -1)). Suppose p = -v + 47 + 2. Is v prime?
False
Suppose 4*v - 23 = 333. Is v prime?
True
Suppose 5*s = 3*c - 419 + 1947, -2*c + 4*s = 1016. Let m = 833 + c. Is m a composite number?
False
Let p(r) = 9*r**3 + 2*r**2 + 4*r - 5. Suppose i = 9 - 5. Let b be p(i). Suppose -3*j + 557 = c, 68 = -3*j + 2*c + b. Is j prime?
False
Is (4106/(-6))/((-2)/6) prime?
True
Let v(b) = 3*b**3 - b**2 + 4*b + 11. Is v(6) a composite number?
False
Let t(j) = -2*j**2 + j + 2459. Is t(0) a composite number?
False
Suppose 5*s - 3*i - 6 = 4, 0 = -s + 5*i + 24. Let k be -1*(-1 + s + -11). Let o = k - -1. Is o prime?
False
Let z(i) = -7*i**3 + i**2 + 3*i - 4. Is z(-3) composite?
True
Suppose 0*v - v + 3*o + 2 = 0, 5*o + 26 = -4*v. Let d(s) = s**3 + 3*s**2 - 5*s + 2. Let p be d(v). Suppose 159 = 3*i + p. Is i composite?
True
Suppose -57*d + 54*d = -357. Is d a composite number?
True
Let w(a) = 2*a**3 - 2*a**2 - 2*a + 1. Let g be (-4 + 3)*-3 + 0. Is w(g) a prime number?
True
Let p = -1312 + 1998. Let r = p - 477. Is r a prime number?
False
Is 1/3*0 + 37 a prime number?
True
Suppose -8*b + 4*b + 4 = 0. Let z be 73 + 1 + b + -4. Suppose -5*a + z = -4. Is a composite?
True
Let b be (-2)/(-10) + (-21992)/(-40). Suppose 3*i - 329 - b = 0. Is i a composite number?
False
Suppose -19*u = -16*u - 597. Is u a prime number?
True
Let i be 6/(-15) - (-4)/10. Suppose i = -0*g - g + 516. Let b = -353 + g. Is b a composite number?
False
Suppose -233 - 1236 = -5*s - 4*i, 5*i = 2*s - 614. Suppose 0 = -2*p + 5*p - s. Suppose 0 = 2*k - 253 + p. Is k prime?
False
Let n = 196 + -113. Suppose -n - 272 = -5*r. Suppose r = z - f, -2*z + 3*z - 5*f = 87. Is z a composite number?
False
Suppose -2*h + 20 = 3*h. Suppose -c + 9 = -5*d + 25, h*c + 4 = 0. Is d a prime number?
True
Suppose 3*z - x = -23, z = -5*x - 9 - 4. Is 1/2 + (-7092)/z a composite number?
False
Suppose -2*c + c + 4*i = -1411, 4*c - 3*i = 5605. Is c a composite number?
False
Let y = -34 + 67. Is (-3)/(-9)*y*2 prime?
False
Let m(x) be the third derivative of -2*x**2 + 1/6*x**3 + 0*x**4 + 0*x + 1/5*x**5 + 0. Is m(-2) prime?
False
Let i = 17 + -10. Is i a composite number?
False
Is 1/(1/669) - 0 composite?
True
Is (3 - (-51)/(-12))*-148 prime?
False
Let p(t) = 0*t - 4 + 0 + 21*t. Is p(7) composite?
True
Let r = -26 + 66. Let p be r/3*18/5. Suppose 5*k - 3*h - 40 = 3*k, -2*k + p = -h. Is k prime?
False
Suppose -6 = -q - q, -2*w + 3*q + 185 = 0. Is w composite?
False
Suppose 5*t = 2*u + 2459, -3*t + u + 1476 = -0*t. Is t a composite number?
True
Suppose -a - 6 = -2*y, 2*y = -5*a - 2*y + 40. Let f(w) = -2*w**3 - w**2 - w + 1. Let t be f(1). Is (-107)/t + a/(-6) prime?
False
Let q(m) = 338*m**2 - 6*m - 3. Is q(-2) a prime number?
True
Let q(w) = -82*w**2 - w + 1. Let x be q(1). Let o = -59 - x. Let a = o + 14. Is a prime?
True
Suppose 2*m + 2*n + 8 = -8, 5*n + 20 = 0. Let d be ((-3)/m)/(2/(-16)). Let t(a) = a**2 + 1. Is t(d) prime?
True
Suppose -y + 6*y + 1660 = 0. Let g 